{"id":3094,"date":"2022-05-04T12:30:43","date_gmt":"2022-05-04T12:30:43","guid":{"rendered":"https:\/\/ebm.si\/zw\/obcine\/?page_id=3094"},"modified":"2022-05-20T11:21:43","modified_gmt":"2022-05-20T11:21:43","slug":"dogodek-odpadki-v-nasih-obcinah-2022","status":"publish","type":"page","link":"https:\/\/ebm.si\/zw\/obcine\/dogodek-odpadki-v-nasih-obcinah-2022\/","title":{"rendered":"Dogodek &#8220;Odpadki v na\u0161ih ob\u010dinah&#8221; 2022"},"content":{"rendered":"","protected":false},"excerpt":{"rendered":"","protected":false},"author":2,"featured_media":3119,"parent":0,"menu_order":0,"comment_status":"closed","ping_status":"closed","template":"","meta":{"footnotes":""},"class_list":["post-3094","page","type-page","status-publish","has-post-thumbnail","hentry"],"yoast_head":"<!-- This site is optimized with the Yoast SEO plugin v23.1 - https:\/\/yoast.com\/wordpress\/plugins\/seo\/ -->\n<title>Odpadki v na\u0161ih ob\u010dinah | letno zero waste sre\u010danje | 25. maj 2022, Kranj<\/title>\n<meta name=\"description\" content=\"Predstavili bomo dose\u017eke zero waste ob\u010din, novo pridru\u017eene \u010dlanice mre\u017ee in konkretne ideje za aktivacijo ob\u010danov na poti do dru\u017ebe brez odpadkov.\" \/>\n<meta name=\"robots\" content=\"index, follow, max-snippet:-1, max-image-preview:large, max-video-preview:-1\" \/>\n<link rel=\"canonical\" href=\"https:\/\/ebm.si\/zw\/obcine\/dogodek-odpadki-v-nasih-obcinah-2022\/\" \/>\n<meta property=\"og:locale\" content=\"sl_SI\" \/>\n<meta property=\"og:type\" content=\"article\" \/>\n<meta property=\"og:title\" content=\"Odpadki v na\u0161ih ob\u010dinah | letno zero waste sre\u010danje | 25. maj 2022, Kranj\" \/>\n<meta property=\"og:description\" content=\"Predstavili bomo dose\u017eke zero waste ob\u010din, novo pridru\u017eene \u010dlanice mre\u017ee in konkretne ideje za aktivacijo ob\u010danov na poti do dru\u017ebe brez odpadkov.\" \/>\n<meta property=\"og:url\" content=\"https:\/\/ebm.si\/zw\/obcine\/dogodek-odpadki-v-nasih-obcinah-2022\/\" \/>\n<meta property=\"og:site_name\" content=\"Zero Waste Ob\u010dine\" \/>\n<meta property=\"article:modified_time\" content=\"2022-05-20T11:21:43+00:00\" \/>\n<meta property=\"og:image\" content=\"https:\/\/ebm.si\/zw\/obcine\/wp-content\/uploads\/sites\/6\/2022\/05\/F014477-04_alpska_slovenija_plecnikovo_stopnisce_1-photo-m.jpg\" \/>\n\t<meta property=\"og:image:width\" content=\"1078\" \/>\n\t<meta property=\"og:image:height\" content=\"719\" \/>\n\t<meta property=\"og:image:type\" content=\"image\/jpeg\" \/>\n<meta name=\"twitter:card\" content=\"summary_large_image\" \/>\n<script type=\"application\/ld+json\" class=\"yoast-schema-graph\">{\"@context\":\"https:\/\/schema.org\",\"@graph\":[{\"@type\":\"WebPage\",\"@id\":\"https:\/\/ebm.si\/zw\/obcine\/dogodek-odpadki-v-nasih-obcinah-2022\/\",\"url\":\"https:\/\/ebm.si\/zw\/obcine\/dogodek-odpadki-v-nasih-obcinah-2022\/\",\"name\":\"Odpadki v na\u0161ih ob\u010dinah | letno zero waste sre\u010danje | 25. maj 2022, Kranj\",\"isPartOf\":{\"@id\":\"https:\/\/ebm.si\/zw\/obcine\/#website\"},\"primaryImageOfPage\":{\"@id\":\"https:\/\/ebm.si\/zw\/obcine\/dogodek-odpadki-v-nasih-obcinah-2022\/#primaryimage\"},\"image\":{\"@id\":\"https:\/\/ebm.si\/zw\/obcine\/dogodek-odpadki-v-nasih-obcinah-2022\/#primaryimage\"},\"thumbnailUrl\":\"https:\/\/ebm.si\/zw\/obcine\/wp-content\/uploads\/sites\/6\/2022\/05\/F014477-04_alpska_slovenija_plecnikovo_stopnisce_1-photo-m.jpg\",\"datePublished\":\"2022-05-04T12:30:43+00:00\",\"dateModified\":\"2022-05-20T11:21:43+00:00\",\"description\":\"Predstavili bomo dose\u017eke zero waste ob\u010din, novo pridru\u017eene \u010dlanice mre\u017ee in konkretne ideje za aktivacijo ob\u010danov na poti do dru\u017ebe brez odpadkov.\",\"breadcrumb\":{\"@id\":\"https:\/\/ebm.si\/zw\/obcine\/dogodek-odpadki-v-nasih-obcinah-2022\/#breadcrumb\"},\"inLanguage\":\"sl-SI\",\"potentialAction\":[{\"@type\":\"ReadAction\",\"target\":[\"https:\/\/ebm.si\/zw\/obcine\/dogodek-odpadki-v-nasih-obcinah-2022\/\"]}]},{\"@type\":\"ImageObject\",\"inLanguage\":\"sl-SI\",\"@id\":\"https:\/\/ebm.si\/zw\/obcine\/dogodek-odpadki-v-nasih-obcinah-2022\/#primaryimage\",\"url\":\"https:\/\/ebm.si\/zw\/obcine\/wp-content\/uploads\/sites\/6\/2022\/05\/F014477-04_alpska_slovenija_plecnikovo_stopnisce_1-photo-m.jpg\",\"contentUrl\":\"https:\/\/ebm.si\/zw\/obcine\/wp-content\/uploads\/sites\/6\/2022\/05\/F014477-04_alpska_slovenija_plecnikovo_stopnisce_1-photo-m.jpg\",\"width\":1078,\"height\":719,\"caption\":\"odpadki v na\u0161ih ob\u010dinah kako jih pribli\u017eati ob\u010danom\"},{\"@type\":\"BreadcrumbList\",\"@id\":\"https:\/\/ebm.si\/zw\/obcine\/dogodek-odpadki-v-nasih-obcinah-2022\/#breadcrumb\",\"itemListElement\":[{\"@type\":\"ListItem\",\"position\":1,\"name\":\"Home\",\"item\":\"https:\/\/ebm.si\/zw\/obcine\/\"},{\"@type\":\"ListItem\",\"position\":2,\"name\":\"Dogodek &#8220;Odpadki v na\u0161ih ob\u010dinah&#8221; 2022\"}]},{\"@type\":\"WebSite\",\"@id\":\"https:\/\/ebm.si\/zw\/obcine\/#website\",\"url\":\"https:\/\/ebm.si\/zw\/obcine\/\",\"name\":\"Zero Waste Ob\u010dine\",\"description\":\"\",\"potentialAction\":[{\"@type\":\"SearchAction\",\"target\":{\"@type\":\"EntryPoint\",\"urlTemplate\":\"https:\/\/ebm.si\/zw\/obcine\/?s={search_term_string}\"},\"query-input\":\"required name=search_term_string\"}],\"inLanguage\":\"sl-SI\"}]}<\/script>\n<!-- \/ Yoast SEO plugin. -->","yoast_head_json":{"title":"Odpadki v na\u0161ih ob\u010dinah | letno zero waste sre\u010danje | 25. maj 2022, Kranj","description":"Predstavili bomo dose\u017eke zero waste ob\u010din, novo pridru\u017eene \u010dlanice mre\u017ee in konkretne ideje za aktivacijo ob\u010danov na poti do dru\u017ebe brez odpadkov.","robots":{"index":"index","follow":"follow","max-snippet":"max-snippet:-1","max-image-preview":"max-image-preview:large","max-video-preview":"max-video-preview:-1"},"canonical":"https:\/\/ebm.si\/zw\/obcine\/dogodek-odpadki-v-nasih-obcinah-2022\/","og_locale":"sl_SI","og_type":"article","og_title":"Odpadki v na\u0161ih ob\u010dinah | letno zero waste sre\u010danje | 25. maj 2022, Kranj","og_description":"Predstavili bomo dose\u017eke zero waste ob\u010din, novo pridru\u017eene \u010dlanice mre\u017ee in konkretne ideje za aktivacijo ob\u010danov na poti do dru\u017ebe brez odpadkov.","og_url":"https:\/\/ebm.si\/zw\/obcine\/dogodek-odpadki-v-nasih-obcinah-2022\/","og_site_name":"Zero Waste Ob\u010dine","article_modified_time":"2022-05-20T11:21:43+00:00","og_image":[{"width":1078,"height":719,"url":"https:\/\/ebm.si\/zw\/obcine\/wp-content\/uploads\/sites\/6\/2022\/05\/F014477-04_alpska_slovenija_plecnikovo_stopnisce_1-photo-m.jpg","type":"image\/jpeg"}],"twitter_card":"summary_large_image","schema":{"@context":"https:\/\/schema.org","@graph":[{"@type":"WebPage","@id":"https:\/\/ebm.si\/zw\/obcine\/dogodek-odpadki-v-nasih-obcinah-2022\/","url":"https:\/\/ebm.si\/zw\/obcine\/dogodek-odpadki-v-nasih-obcinah-2022\/","name":"Odpadki v na\u0161ih ob\u010dinah | letno zero waste sre\u010danje | 25. maj 2022, Kranj","isPartOf":{"@id":"https:\/\/ebm.si\/zw\/obcine\/#website"},"primaryImageOfPage":{"@id":"https:\/\/ebm.si\/zw\/obcine\/dogodek-odpadki-v-nasih-obcinah-2022\/#primaryimage"},"image":{"@id":"https:\/\/ebm.si\/zw\/obcine\/dogodek-odpadki-v-nasih-obcinah-2022\/#primaryimage"},"thumbnailUrl":"https:\/\/ebm.si\/zw\/obcine\/wp-content\/uploads\/sites\/6\/2022\/05\/F014477-04_alpska_slovenija_plecnikovo_stopnisce_1-photo-m.jpg","datePublished":"2022-05-04T12:30:43+00:00","dateModified":"2022-05-20T11:21:43+00:00","description":"Predstavili bomo dose\u017eke zero waste ob\u010din, novo pridru\u017eene \u010dlanice mre\u017ee in konkretne ideje za aktivacijo ob\u010danov na poti do dru\u017ebe brez odpadkov.","breadcrumb":{"@id":"https:\/\/ebm.si\/zw\/obcine\/dogodek-odpadki-v-nasih-obcinah-2022\/#breadcrumb"},"inLanguage":"sl-SI","potentialAction":[{"@type":"ReadAction","target":["https:\/\/ebm.si\/zw\/obcine\/dogodek-odpadki-v-nasih-obcinah-2022\/"]}]},{"@type":"ImageObject","inLanguage":"sl-SI","@id":"https:\/\/ebm.si\/zw\/obcine\/dogodek-odpadki-v-nasih-obcinah-2022\/#primaryimage","url":"https:\/\/ebm.si\/zw\/obcine\/wp-content\/uploads\/sites\/6\/2022\/05\/F014477-04_alpska_slovenija_plecnikovo_stopnisce_1-photo-m.jpg","contentUrl":"https:\/\/ebm.si\/zw\/obcine\/wp-content\/uploads\/sites\/6\/2022\/05\/F014477-04_alpska_slovenija_plecnikovo_stopnisce_1-photo-m.jpg","width":1078,"height":719,"caption":"odpadki v na\u0161ih ob\u010dinah kako jih pribli\u017eati ob\u010danom"},{"@type":"BreadcrumbList","@id":"https:\/\/ebm.si\/zw\/obcine\/dogodek-odpadki-v-nasih-obcinah-2022\/#breadcrumb","itemListElement":[{"@type":"ListItem","position":1,"name":"Home","item":"https:\/\/ebm.si\/zw\/obcine\/"},{"@type":"ListItem","position":2,"name":"Dogodek &#8220;Odpadki v na\u0161ih ob\u010dinah&#8221; 2022"}]},{"@type":"WebSite","@id":"https:\/\/ebm.si\/zw\/obcine\/#website","url":"https:\/\/ebm.si\/zw\/obcine\/","name":"Zero Waste Ob\u010dine","description":"","potentialAction":[{"@type":"SearchAction","target":{"@type":"EntryPoint","urlTemplate":"https:\/\/ebm.si\/zw\/obcine\/?s={search_term_string}"},"query-input":"required name=search_term_string"}],"inLanguage":"sl-SI"}]}},"_links":{"self":[{"href":"https:\/\/ebm.si\/zw\/obcine\/wp-json\/wp\/v2\/pages\/3094"}],"collection":[{"href":"https:\/\/ebm.si\/zw\/obcine\/wp-json\/wp\/v2\/pages"}],"about":[{"href":"https:\/\/ebm.si\/zw\/obcine\/wp-json\/wp\/v2\/types\/page"}],"author":[{"embeddable":true,"href":"https:\/\/ebm.si\/zw\/obcine\/wp-json\/wp\/v2\/users\/2"}],"replies":[{"embeddable":true,"href":"https:\/\/ebm.si\/zw\/obcine\/wp-json\/wp\/v2\/comments?post=3094"}],"version-history":[{"count":10,"href":"https:\/\/ebm.si\/zw\/obcine\/wp-json\/wp\/v2\/pages\/3094\/revisions"}],"predecessor-version":[{"id":3132,"href":"https:\/\/ebm.si\/zw\/obcine\/wp-json\/wp\/v2\/pages\/3094\/revisions\/3132"}],"wp:featuredmedia":[{"embeddable":true,"href":"https:\/\/ebm.si\/zw\/obcine\/wp-json\/wp\/v2\/media\/3119"}],"wp:attachment":[{"href":"https:\/\/ebm.si\/zw\/obcine\/wp-json\/wp\/v2\/media?parent=3094"}],"curies":[{"name":"wp","href":"https:\/\/api.w.org\/{rel}","templated":true}]}}