{"id":438,"date":"2019-06-18T13:16:30","date_gmt":"2019-06-18T12:16:30","guid":{"rendered":"https:\/\/ebm.si\/zw\/plastika\/?page_id=438"},"modified":"2019-08-28T21:44:29","modified_gmt":"2019-08-28T20:44:29","slug":"strokovna-gradiva","status":"publish","type":"page","link":"https:\/\/ebm.si\/zw\/plastika\/gradiva\/strokovna-gradiva\/","title":{"rendered":"Strokovna gradiva"},"content":{"rendered":"","protected":false},"excerpt":{"rendered":"","protected":false},"author":2,"featured_media":212,"parent":56,"menu_order":0,"comment_status":"closed","ping_status":"closed","template":"","meta":{"footnotes":""},"class_list":["post-438","page","type-page","status-publish","has-post-thumbnail","hentry"],"yoast_head":"<!-- This site is optimized with the Yoast SEO plugin v23.1 - https:\/\/yoast.com\/wordpress\/plugins\/seo\/ -->\n<title>Plastika na\u0161a vsakdanja: Strokovna gradiva o plastiki za enkratno uporabo<\/title>\n<meta name=\"description\" content=\"Vabljeni k ogledu Ko\u0161arice dobrin in embala\u017ee v njej ter ostalih strokovnih gradiv, pripravljenih v sklopu projekta Plastika na\u0161a vsakdanja.\" \/>\n<meta name=\"robots\" content=\"index, follow, max-snippet:-1, max-image-preview:large, max-video-preview:-1\" \/>\n<link rel=\"canonical\" href=\"https:\/\/ebm.si\/zw\/plastika\/gradiva\/strokovna-gradiva\/\" \/>\n<meta property=\"og:locale\" content=\"sl_SI\" \/>\n<meta property=\"og:type\" content=\"article\" \/>\n<meta property=\"og:title\" content=\"Plastika na\u0161a vsakdanja: Strokovna gradiva o plastiki za enkratno uporabo\" \/>\n<meta property=\"og:description\" content=\"Vabljeni k ogledu Ko\u0161arice dobrin in embala\u017ee v njej ter ostalih strokovnih gradiv, pripravljenih v sklopu projekta Plastika na\u0161a vsakdanja.\" \/>\n<meta property=\"og:url\" content=\"https:\/\/ebm.si\/zw\/plastika\/gradiva\/strokovna-gradiva\/\" \/>\n<meta property=\"og:site_name\" content=\"Plastika\" \/>\n<meta property=\"article:modified_time\" content=\"2019-08-28T20:44:29+00:00\" \/>\n<meta property=\"og:image\" content=\"https:\/\/ebm.si\/zw\/plastika\/wp-content\/uploads\/sites\/8\/2019\/04\/Ekologi-brez-meja_Bre\u017eice-9.jpg\" \/>\n\t<meta property=\"og:image:width\" content=\"2500\" \/>\n\t<meta property=\"og:image:height\" content=\"1667\" \/>\n\t<meta property=\"og:image:type\" content=\"image\/jpeg\" \/>\n<meta name=\"twitter:card\" content=\"summary_large_image\" \/>\n<script type=\"application\/ld+json\" class=\"yoast-schema-graph\">{\"@context\":\"https:\/\/schema.org\",\"@graph\":[{\"@type\":\"WebPage\",\"@id\":\"https:\/\/ebm.si\/zw\/plastika\/gradiva\/strokovna-gradiva\/\",\"url\":\"https:\/\/ebm.si\/zw\/plastika\/gradiva\/strokovna-gradiva\/\",\"name\":\"Plastika na\u0161a vsakdanja: Strokovna gradiva o plastiki za enkratno uporabo\",\"isPartOf\":{\"@id\":\"https:\/\/ebm.si\/zw\/plastika\/#website\"},\"primaryImageOfPage\":{\"@id\":\"https:\/\/ebm.si\/zw\/plastika\/gradiva\/strokovna-gradiva\/#primaryimage\"},\"image\":{\"@id\":\"https:\/\/ebm.si\/zw\/plastika\/gradiva\/strokovna-gradiva\/#primaryimage\"},\"thumbnailUrl\":\"https:\/\/ebm.si\/zw\/plastika\/wp-content\/uploads\/sites\/8\/2019\/04\/Ekologi-brez-meja_Bre\u017eice-9.jpg\",\"datePublished\":\"2019-06-18T12:16:30+00:00\",\"dateModified\":\"2019-08-28T20:44:29+00:00\",\"description\":\"Vabljeni k ogledu Ko\u0161arice dobrin in embala\u017ee v njej ter ostalih strokovnih gradiv, pripravljenih v sklopu projekta Plastika na\u0161a vsakdanja.\",\"breadcrumb\":{\"@id\":\"https:\/\/ebm.si\/zw\/plastika\/gradiva\/strokovna-gradiva\/#breadcrumb\"},\"inLanguage\":\"sl-SI\",\"potentialAction\":[{\"@type\":\"ReadAction\",\"target\":[\"https:\/\/ebm.si\/zw\/plastika\/gradiva\/strokovna-gradiva\/\"]}]},{\"@type\":\"ImageObject\",\"inLanguage\":\"sl-SI\",\"@id\":\"https:\/\/ebm.si\/zw\/plastika\/gradiva\/strokovna-gradiva\/#primaryimage\",\"url\":\"https:\/\/ebm.si\/zw\/plastika\/wp-content\/uploads\/sites\/8\/2019\/04\/Ekologi-brez-meja_Bre\u017eice-9.jpg\",\"contentUrl\":\"https:\/\/ebm.si\/zw\/plastika\/wp-content\/uploads\/sites\/8\/2019\/04\/Ekologi-brez-meja_Bre\u017eice-9.jpg\",\"width\":2500,\"height\":1667},{\"@type\":\"BreadcrumbList\",\"@id\":\"https:\/\/ebm.si\/zw\/plastika\/gradiva\/strokovna-gradiva\/#breadcrumb\",\"itemListElement\":[{\"@type\":\"ListItem\",\"position\":1,\"name\":\"Home\",\"item\":\"https:\/\/ebm.si\/zw\/plastika\/\"},{\"@type\":\"ListItem\",\"position\":2,\"name\":\"Gradiva\",\"item\":\"https:\/\/ebm.si\/zw\/plastika\/gradiva\/\"},{\"@type\":\"ListItem\",\"position\":3,\"name\":\"Strokovna gradiva\"}]},{\"@type\":\"WebSite\",\"@id\":\"https:\/\/ebm.si\/zw\/plastika\/#website\",\"url\":\"https:\/\/ebm.si\/zw\/plastika\/\",\"name\":\"Plastika\",\"description\":\"Plastika\",\"potentialAction\":[{\"@type\":\"SearchAction\",\"target\":{\"@type\":\"EntryPoint\",\"urlTemplate\":\"https:\/\/ebm.si\/zw\/plastika\/?s={search_term_string}\"},\"query-input\":\"required name=search_term_string\"}],\"inLanguage\":\"sl-SI\"}]}<\/script>\n<!-- \/ Yoast SEO plugin. -->","yoast_head_json":{"title":"Plastika na\u0161a vsakdanja: Strokovna gradiva o plastiki za enkratno uporabo","description":"Vabljeni k ogledu Ko\u0161arice dobrin in embala\u017ee v njej ter ostalih strokovnih gradiv, pripravljenih v sklopu projekta Plastika na\u0161a vsakdanja.","robots":{"index":"index","follow":"follow","max-snippet":"max-snippet:-1","max-image-preview":"max-image-preview:large","max-video-preview":"max-video-preview:-1"},"canonical":"https:\/\/ebm.si\/zw\/plastika\/gradiva\/strokovna-gradiva\/","og_locale":"sl_SI","og_type":"article","og_title":"Plastika na\u0161a vsakdanja: Strokovna gradiva o plastiki za enkratno uporabo","og_description":"Vabljeni k ogledu Ko\u0161arice dobrin in embala\u017ee v njej ter ostalih strokovnih gradiv, pripravljenih v sklopu projekta Plastika na\u0161a vsakdanja.","og_url":"https:\/\/ebm.si\/zw\/plastika\/gradiva\/strokovna-gradiva\/","og_site_name":"Plastika","article_modified_time":"2019-08-28T20:44:29+00:00","og_image":[{"width":2500,"height":1667,"url":"https:\/\/ebm.si\/zw\/plastika\/wp-content\/uploads\/sites\/8\/2019\/04\/Ekologi-brez-meja_Bre\u017eice-9.jpg","type":"image\/jpeg"}],"twitter_card":"summary_large_image","schema":{"@context":"https:\/\/schema.org","@graph":[{"@type":"WebPage","@id":"https:\/\/ebm.si\/zw\/plastika\/gradiva\/strokovna-gradiva\/","url":"https:\/\/ebm.si\/zw\/plastika\/gradiva\/strokovna-gradiva\/","name":"Plastika na\u0161a vsakdanja: Strokovna gradiva o plastiki za enkratno uporabo","isPartOf":{"@id":"https:\/\/ebm.si\/zw\/plastika\/#website"},"primaryImageOfPage":{"@id":"https:\/\/ebm.si\/zw\/plastika\/gradiva\/strokovna-gradiva\/#primaryimage"},"image":{"@id":"https:\/\/ebm.si\/zw\/plastika\/gradiva\/strokovna-gradiva\/#primaryimage"},"thumbnailUrl":"https:\/\/ebm.si\/zw\/plastika\/wp-content\/uploads\/sites\/8\/2019\/04\/Ekologi-brez-meja_Bre\u017eice-9.jpg","datePublished":"2019-06-18T12:16:30+00:00","dateModified":"2019-08-28T20:44:29+00:00","description":"Vabljeni k ogledu Ko\u0161arice dobrin in embala\u017ee v njej ter ostalih strokovnih gradiv, pripravljenih v sklopu projekta Plastika na\u0161a vsakdanja.","breadcrumb":{"@id":"https:\/\/ebm.si\/zw\/plastika\/gradiva\/strokovna-gradiva\/#breadcrumb"},"inLanguage":"sl-SI","potentialAction":[{"@type":"ReadAction","target":["https:\/\/ebm.si\/zw\/plastika\/gradiva\/strokovna-gradiva\/"]}]},{"@type":"ImageObject","inLanguage":"sl-SI","@id":"https:\/\/ebm.si\/zw\/plastika\/gradiva\/strokovna-gradiva\/#primaryimage","url":"https:\/\/ebm.si\/zw\/plastika\/wp-content\/uploads\/sites\/8\/2019\/04\/Ekologi-brez-meja_Bre\u017eice-9.jpg","contentUrl":"https:\/\/ebm.si\/zw\/plastika\/wp-content\/uploads\/sites\/8\/2019\/04\/Ekologi-brez-meja_Bre\u017eice-9.jpg","width":2500,"height":1667},{"@type":"BreadcrumbList","@id":"https:\/\/ebm.si\/zw\/plastika\/gradiva\/strokovna-gradiva\/#breadcrumb","itemListElement":[{"@type":"ListItem","position":1,"name":"Home","item":"https:\/\/ebm.si\/zw\/plastika\/"},{"@type":"ListItem","position":2,"name":"Gradiva","item":"https:\/\/ebm.si\/zw\/plastika\/gradiva\/"},{"@type":"ListItem","position":3,"name":"Strokovna gradiva"}]},{"@type":"WebSite","@id":"https:\/\/ebm.si\/zw\/plastika\/#website","url":"https:\/\/ebm.si\/zw\/plastika\/","name":"Plastika","description":"Plastika","potentialAction":[{"@type":"SearchAction","target":{"@type":"EntryPoint","urlTemplate":"https:\/\/ebm.si\/zw\/plastika\/?s={search_term_string}"},"query-input":"required name=search_term_string"}],"inLanguage":"sl-SI"}]}},"_links":{"self":[{"href":"https:\/\/ebm.si\/zw\/plastika\/wp-json\/wp\/v2\/pages\/438"}],"collection":[{"href":"https:\/\/ebm.si\/zw\/plastika\/wp-json\/wp\/v2\/pages"}],"about":[{"href":"https:\/\/ebm.si\/zw\/plastika\/wp-json\/wp\/v2\/types\/page"}],"author":[{"embeddable":true,"href":"https:\/\/ebm.si\/zw\/plastika\/wp-json\/wp\/v2\/users\/2"}],"replies":[{"embeddable":true,"href":"https:\/\/ebm.si\/zw\/plastika\/wp-json\/wp\/v2\/comments?post=438"}],"version-history":[{"count":10,"href":"https:\/\/ebm.si\/zw\/plastika\/wp-json\/wp\/v2\/pages\/438\/revisions"}],"predecessor-version":[{"id":507,"href":"https:\/\/ebm.si\/zw\/plastika\/wp-json\/wp\/v2\/pages\/438\/revisions\/507"}],"up":[{"embeddable":true,"href":"https:\/\/ebm.si\/zw\/plastika\/wp-json\/wp\/v2\/pages\/56"}],"wp:featuredmedia":[{"embeddable":true,"href":"https:\/\/ebm.si\/zw\/plastika\/wp-json\/wp\/v2\/media\/212"}],"wp:attachment":[{"href":"https:\/\/ebm.si\/zw\/plastika\/wp-json\/wp\/v2\/media?parent=438"}],"curies":[{"name":"wp","href":"https:\/\/api.w.org\/{rel}","templated":true}]}}